{"id":39,"date":"2023-02-20T14:39:30","date_gmt":"2023-02-20T13:39:30","guid":{"rendered":"https:\/\/consdortmund.esteri.it\/?page_id=39"},"modified":"2023-04-03T14:16:24","modified_gmt":"2023-04-03T12:16:24","slug":"la-sede","status":"publish","type":"page","link":"https:\/\/consdortmund.esteri.it\/it\/chi-siamo\/la-sede\/","title":{"rendered":"La Sede"},"content":{"rendered":"<p style=\"text-align: justify;\"><strong>Come raggiungere il Consolato<\/strong><\/p>\n<p style=\"text-align: justify;\">Il Consolato d\u2019Italia \u00e8 situato sulla Goebenstrasse 14, a circa 2 Km dal centro della citt\u00e0, raggiungibile facilmente dalla Stazione Centrale tramite la metropolitana (direzione H\u00f6rde \u2013 Westfalenpark \u2013 Aplerbeck), si scende a Kampstrasse e si prosegue con il tram U43 (direzione Brakel) per la destinazione fermata Lippestrasse.<\/p>\n<p style=\"text-align: justify;\"><strong>Gli orari di apertura al pubblico<\/strong><\/p>\n<p style=\"text-align: justify;\">Luned\u00ec, Marted\u00ec, Gioved\u00ec e Venerd\u00ec:\u00a0\u00a0 09,00 \u2013 12,30<br \/>\nMercoled\u00ec:\u00a0 \u00a0 \u00a0 \u00a0 \u00a0 \u00a0 \u00a0 \u00a0 \u00a0 \u00a0 \u00a0 \u00a0 \u00a0 \u00a0 \u00a0 \u00a0 \u00a0 \u00a0 \u00a0 \u00a0 \u00a0 \u00a0 \u00a0 \u00a0 14,30 \u2013 17,30<\/p>\n<p style=\"text-align: justify;\">Nei <strong>casi di emergenza<\/strong>, il funzionario di turno sar\u00e0 reperibile al numero cellulare di servizio: <strong>0171-9335154<\/strong>.<\/p>\n<p style=\"text-align: justify;\">Il servizio \u00e8 inteso unicamente per i casi di emergenza. Non verranno date, pertanto, informazioni sui servizi consolari.<\/p>\n","protected":false},"excerpt":{"rendered":"Come raggiungere il Consolato Il Consolato d\u2019Italia \u00e8 situato sulla Goebenstrasse 14, a circa 2 Km dal centro della citt\u00e0, raggiungibile facilmente dalla Stazione Centrale tramite la metropolitana (direzione H\u00f6rde \u2013 Westfalenpark \u2013 Aplerbeck), si scende a Kampstrasse e si prosegue con il tram U43 (direzione Brakel) per la destinazione fermata Lippestrasse. Gli orari di [&hellip;]","protected":false},"author":3,"featured_media":0,"parent":9,"menu_order":2,"comment_status":"closed","ping_status":"closed","template":"","meta":{"footnotes":""},"class_list":["post-39","page","type-page","status-publish","hentry"],"_links":{"self":[{"href":"https:\/\/consdortmund.esteri.it\/it\/wp-json\/wp\/v2\/pages\/39","targetHints":{"allow":["GET"]}}],"collection":[{"href":"https:\/\/consdortmund.esteri.it\/it\/wp-json\/wp\/v2\/pages"}],"about":[{"href":"https:\/\/consdortmund.esteri.it\/it\/wp-json\/wp\/v2\/types\/page"}],"author":[{"embeddable":true,"href":"https:\/\/consdortmund.esteri.it\/it\/wp-json\/wp\/v2\/users\/3"}],"replies":[{"embeddable":true,"href":"https:\/\/consdortmund.esteri.it\/it\/wp-json\/wp\/v2\/comments?post=39"}],"version-history":[{"count":0,"href":"https:\/\/consdortmund.esteri.it\/it\/wp-json\/wp\/v2\/pages\/39\/revisions"}],"up":[{"embeddable":true,"href":"https:\/\/consdortmund.esteri.it\/it\/wp-json\/wp\/v2\/pages\/9"}],"wp:attachment":[{"href":"https:\/\/consdortmund.esteri.it\/it\/wp-json\/wp\/v2\/media?parent=39"}],"curies":[{"name":"wp","href":"https:\/\/api.w.org\/{rel}","templated":true}]}}

<p style="text-align: justify;"><strong>Come raggiungere il Consolato</strong></p>
<p style="text-align: justify;">Il Consolato d’Italia è situato sulla Goebenstrasse 14, a circa 2 Km dal centro della città, raggiungibile facilmente dalla Stazione Centrale tramite la metropolitana (direzione Hörde – Westfalenpark – Aplerbeck), si scende a Kampstrasse e si prosegue con il tram U43 (direzione Brakel) per la destinazione fermata Lippestrasse.</p>
<p style="text-align: justify;"><strong>Gli orari di apertura al pubblico</strong></p>
<p style="text-align: justify;">Lunedì, Martedì, Giovedì e Venerdì:   09,00 – 12,30<br />
Mercoledì:                                                14,30 – 17,30</p>
<p style="text-align: justify;">Nei <strong>casi di emergenza</strong>, il funzionario di turno sarà reperibile al numero cellulare di servizio: <strong>0171-9335154</strong>.</p>
<p style="text-align: justify;">Il servizio è inteso unicamente per i casi di emergenza. Non verranno date, pertanto, informazioni sui servizi consolari.</p>

Come raggiungere il Consolato Il Consolato d’Italia è situato sulla Goebenstrasse 14, a circa 2 Km dal centro della città, raggiungibile facilmente dalla Stazione Centrale tramite la metropolitana (direzione Hörde – Westfalenpark – Aplerbeck), si scende a Kampstrasse e si prosegue con il tram U43 (direzione Brakel) per la destinazione fermata Lippestrasse. Gli orari di [&hellip;]
