{"id":84,"date":"2023-02-20T14:39:30","date_gmt":"2023-02-20T13:39:30","guid":{"rendered":"https:\/\/consdortmund.esteri.it\/chi-siamo\/la-sede\/"},"modified":"2023-04-04T16:55:31","modified_gmt":"2023-04-04T14:55:31","slug":"der-sitz","status":"publish","type":"page","link":"https:\/\/consdortmund.esteri.it\/de\/chi-siamo\/der-sitz\/","title":{"rendered":"Der Sitz"},"content":{"rendered":"<p style=\"text-align: justify;\"><strong>Wie Sie das Konsulat erreichen k\u00f6nnen:<br \/>\n<\/strong><br \/>\nDas Italienische Konsulat befindet sich in der Goebenstra\u00dfe 14,\u00a0ca. 2 Km vom Zentrum entfernt. Vom Hauptbahnhof kann man das Konsulat erreichen:<br \/>\n&#8211; mit der U-Bahn (Richtung H\u00f6rde &#8211; Westfalenpark &#8211; Aplerbeck) bis zur Haltestelle Kampstra\u00dfe;<br \/>\n&#8211; danach mit der Stra\u00dfenbahn 403 (Richtung Brackel) bis zur Haltestelle Lippestra\u00dfe.<\/p>\n<p style=\"text-align: justify;\">\u00d6ffnungszeiten:<\/p>\n<p style=\"text-align: justify;\">Montag, Dienstag, Donnerstag, Freitag:\u00a0\u00a0\u00a0\u00a0\u00a009,00 &#8211; 12,30<br \/>\nMittwoch:\u00a0 \u00a0 \u00a0 \u00a0 \u00a0 \u00a0 \u00a0 \u00a0 \u00a0 \u00a0 \u00a0 \u00a0 \u00a0 \u00a0 \u00a0 \u00a0 \u00a0 \u00a0 \u00a0 \u00a0 \u00a0 \u00a0 \u00a0 \u00a0 \u00a0 \u00a0 \u00a0 \u00a0 \u00a0 \u00a014,30 &#8211; 17,30<\/p>\n<p style=\"text-align: justify;\">Bei <strong>Notf\u00e4llen <\/strong>ist der zust\u00e4ndige Beamte unter folgender Handynummer zu erreichen:<strong> 0171-9335154.<\/strong><\/p>\n<p style=\"text-align: justify;\">Dieser Dienst ist ein reiner Bereitschaftsdienst. Unter dieser Handynummer werden keine Informationen zu den konsularischen Dienstleistung\u00a0oder zu laufenden Antr\u00e4gen erteilt.<\/p>\n","protected":false},"excerpt":{"rendered":"Wie Sie das Konsulat erreichen k\u00f6nnen: Das Italienische Konsulat befindet sich in der Goebenstra\u00dfe 14,\u00a0ca. 2 Km vom Zentrum entfernt. Vom Hauptbahnhof kann man das Konsulat erreichen: &#8211; mit der U-Bahn (Richtung H\u00f6rde &#8211; Westfalenpark &#8211; Aplerbeck) bis zur Haltestelle Kampstra\u00dfe; &#8211; danach mit der Stra\u00dfenbahn 403 (Richtung Brackel) bis zur Haltestelle Lippestra\u00dfe. \u00d6ffnungszeiten: Montag, [&hellip;]","protected":false},"author":3,"featured_media":0,"parent":37,"menu_order":2,"comment_status":"closed","ping_status":"closed","template":"","meta":{"footnotes":""},"class_list":["post-84","page","type-page","status-publish","hentry"],"_links":{"self":[{"href":"https:\/\/consdortmund.esteri.it\/de\/wp-json\/wp\/v2\/pages\/84","targetHints":{"allow":["GET"]}}],"collection":[{"href":"https:\/\/consdortmund.esteri.it\/de\/wp-json\/wp\/v2\/pages"}],"about":[{"href":"https:\/\/consdortmund.esteri.it\/de\/wp-json\/wp\/v2\/types\/page"}],"author":[{"embeddable":true,"href":"https:\/\/consdortmund.esteri.it\/de\/wp-json\/wp\/v2\/users\/3"}],"replies":[{"embeddable":true,"href":"https:\/\/consdortmund.esteri.it\/de\/wp-json\/wp\/v2\/comments?post=84"}],"version-history":[{"count":0,"href":"https:\/\/consdortmund.esteri.it\/de\/wp-json\/wp\/v2\/pages\/84\/revisions"}],"up":[{"embeddable":true,"href":"https:\/\/consdortmund.esteri.it\/de\/wp-json\/wp\/v2\/pages\/37"}],"wp:attachment":[{"href":"https:\/\/consdortmund.esteri.it\/de\/wp-json\/wp\/v2\/media?parent=84"}],"curies":[{"name":"wp","href":"https:\/\/api.w.org\/{rel}","templated":true}]}}

<p style="text-align: justify;"><strong>Wie Sie das Konsulat erreichen können:<br />
</strong><br />
Das Italienische Konsulat befindet sich in der Goebenstraße 14, ca. 2 Km vom Zentrum entfernt. Vom Hauptbahnhof kann man das Konsulat erreichen:<br />
&#8211; mit der U-Bahn (Richtung Hörde &#8211; Westfalenpark &#8211; Aplerbeck) bis zur Haltestelle Kampstraße;<br />
&#8211; danach mit der Straßenbahn 403 (Richtung Brackel) bis zur Haltestelle Lippestraße.</p>
<p style="text-align: justify;">Öffnungszeiten:</p>
<p style="text-align: justify;">Montag, Dienstag, Donnerstag, Freitag:     09,00 &#8211; 12,30<br />
Mittwoch:                                                           14,30 &#8211; 17,30</p>
<p style="text-align: justify;">Bei <strong>Notfällen </strong>ist der zuständige Beamte unter folgender Handynummer zu erreichen:<strong> 0171-9335154.</strong></p>
<p style="text-align: justify;">Dieser Dienst ist ein reiner Bereitschaftsdienst. Unter dieser Handynummer werden keine Informationen zu den konsularischen Dienstleistung oder zu laufenden Anträgen erteilt.</p>

Wie Sie das Konsulat erreichen können: Das Italienische Konsulat befindet sich in der Goebenstraße 14, ca. 2 Km vom Zentrum entfernt. Vom Hauptbahnhof kann man das Konsulat erreichen: &#8211; mit der U-Bahn (Richtung Hörde &#8211; Westfalenpark &#8211; Aplerbeck) bis zur Haltestelle Kampstraße; &#8211; danach mit der Straßenbahn 403 (Richtung Brackel) bis zur Haltestelle Lippestraße. Öffnungszeiten: Montag, [&hellip;]
